{"id":71,"date":"2015-06-10T16:59:11","date_gmt":"2015-06-10T14:59:11","guid":{"rendered":"http:\/\/www.serraniaderonda-desarrollo.com\/serraniaronda2020\/?page_id=71"},"modified":"2024-06-19T16:59:36","modified_gmt":"2024-06-19T14:59:36","slug":"inicio","status":"publish","type":"page","link":"http:\/\/www.serraniaderonda-desarrollo.com\/serraniaronda2020\/","title":{"rendered":"Inicio"},"content":{"rendered":"<div  data-size='no scaling'  data-lightbox_size='large'  data-animation='fade'  data-ids='1108,1107,1106,1104,1103,1102'  data-video_counter='0'  data-autoplay='true'  data-bg_slider='false'  data-slide_height=''  data-handle='av_slideshow'  data-interval='5'  data-class=' '  data-css_id=''  data-scroll_down=''  data-control_layout='av-control-default'  data-custom_markup=''  data-perma_caption=''  data-autoplay_stopper=''  data-image_attachment=''  data-min_height='0px'  class='avia-slideshow avia-slideshow-1  av-control-default av-default-height-applied avia-slideshow-no scaling av_slideshow   avia-fade-slider '  itemscope=\"itemscope\" itemtype=\"https:\/\/schema.org\/ImageObject\" ><ul class='avia-slideshow-inner' style='padding-bottom: 22.902161964089%;'><li  class=' slide-1 ' ><div data-rel='slideshow-1' class='avia-slide-wrap'  ><img src='http:\/\/www.serraniaderonda-desarrollo.com\/serraniaronda2020\/wp-content\/uploads\/2017\/09\/vi\u00f1a-01.jpg' width='5458' height='1250' title='vi\u00f1a-01' alt=''  itemprop=\"thumbnailUrl\"   \/><\/div><\/li><li  class=' slide-2 ' ><div data-rel='slideshow-1' class='avia-slide-wrap'  ><img src='http:\/\/www.serraniaderonda-desarrollo.com\/serraniaronda2020\/wp-content\/uploads\/2017\/09\/vino-01.jpg' width='5458' height='1250' title='vino-01' alt=''  itemprop=\"thumbnailUrl\"   \/><\/div><\/li><li  class=' slide-3 ' ><div data-rel='slideshow-1' class='avia-slide-wrap'  ><img src='http:\/\/www.serraniaderonda-desarrollo.com\/serraniaronda2020\/wp-content\/uploads\/2017\/09\/tajo-ronda-01.jpg' width='5458' height='1250' title='tajo ronda-01' alt=''  itemprop=\"thumbnailUrl\"   \/><\/div><\/li><li  class=' slide-4 ' ><div data-rel='slideshow-1' class='avia-slide-wrap'  ><img src='http:\/\/www.serraniaderonda-desarrollo.com\/serraniaronda2020\/wp-content\/uploads\/2017\/09\/fachada-hotel-01.jpg' width='5458' height='1250' title='fachada hotel-01' alt=''  itemprop=\"thumbnailUrl\"   \/><\/div><\/li><li  class=' slide-5 ' ><div data-rel='slideshow-1' class='avia-slide-wrap'  ><img src='http:\/\/www.serraniaderonda-desarrollo.com\/serraniaronda2020\/wp-content\/uploads\/2017\/09\/cerezas-01.jpg' width='5458' height='1250' title='cerezas-01' alt=''  itemprop=\"thumbnailUrl\"   \/><\/div><\/li><li  class=' slide-6 ' ><div data-rel='slideshow-1' class='avia-slide-wrap'  ><img src='http:\/\/www.serraniaderonda-desarrollo.com\/serraniaronda2020\/wp-content\/uploads\/2017\/09\/agua-01-01.jpg' width='5458' height='1250' title='agua 01-01' alt=''  itemprop=\"thumbnailUrl\"   \/><\/div><\/li><\/ul><div class='avia-slideshow-arrows avia-slideshow-controls'><a href='#prev' class='prev-slide' aria-hidden='true' data-av_icon='\ue87c' data-av_iconfont='entypo-fontello'>Anterior<\/a><a href='#next' class='next-slide' aria-hidden='true' data-av_icon='\ue87d' data-av_iconfont='entypo-fontello'>Posterior<\/a><\/div><div class='avia-slideshow-dots avia-slideshow-controls'><a href='#1' class='goto-slide active' >1<\/a><a href='#2' class='goto-slide ' >2<\/a><a href='#3' class='goto-slide ' >3<\/a><a href='#4' class='goto-slide ' >4<\/a><a href='#5' class='goto-slide ' >5<\/a><a href='#6' class='goto-slide ' >6<\/a><\/div><\/div>\n<section class=\"av_textblock_section \"  itemscope=\"itemscope\" itemtype=\"https:\/\/schema.org\/CreativeWork\" ><div class='avia_textblock  '   itemprop=\"text\" ><p>La <strong>Asociaci\u00f3n de Desarrollo Rural Serran\u00eda de Ronda<\/strong> ha desarrollado un proceso participativo de planificaci\u00f3n territorial para redactar, implantar y evaluar la Estrategia de Desarrollo Local de la comarca. En todo este proceso la participaci\u00f3n de los agentes clave del territorio resulta fundamental, como fuente principal de informaci\u00f3n para la redacci\u00f3n de la Estrategia de Desarrollo Local y como garante de su implantaci\u00f3n y evaluaci\u00f3n.<\/p>\n<p>La Asociaci\u00f3n de Desarrollo Rural te anima a informarte sobre la Estrategia de Desarrollo Local Participativo Serran\u00eda de Ronda y a participar como agente clave del territorio. Indicamos a continuaci\u00f3n un extracto de las principales conclusiones del proceso participativo, as\u00ed como la estrategia completa:<\/p>\n<ul>\n<li><a href=\"http:\/\/www.serraniaderonda-desarrollo.com\/serraniaronda2020\/wp-content\/uploads\/2024\/06\/cuestionarios190624.pdf\">Cuestionarios de participaci\u00f3n (pulsar para acceder).<\/a><\/li>\n<li><a href=\"https:\/\/www.serraniaderonda-desarrollo.com\/serraniaronda2020\/en-desarrollo\/\" target=\"_blank\" rel=\"noopener\">Diagn\u00f3stico y An\u00e1lisis DAFO (pulsar para acceder).<\/a><\/li>\n<li><a href=\"https:\/\/www.serraniaderonda-desarrollo.com\/serraniaronda2020\/en-desarrollo\/\" target=\"_blank\" rel=\"noopener\">Necesidades y Matriz Prioridades (pulsar para acceder).<\/a><\/li>\n<li><a href=\"https:\/\/www.serraniaderonda-desarrollo.com\/serraniaronda2020\/en-desarrollo\/\" target=\"_blank\" rel=\"noopener\">Objetivos (pulsar para acceder).<\/a><\/li>\n<li><a href=\"https:\/\/www.serraniaderonda-desarrollo.com\/serraniaronda2020\/en-desarrollo\/\" target=\"_blank\" rel=\"noopener\">Plan de Acci\u00f3n (pulsar para acceder). <\/a><\/li>\n<li><a href=\"https:\/\/www.serraniaderonda-desarrollo.com\/serraniaronda2020\/en-desarrollo\/\">Ejecuci\u00f3n (pulsar para acceder).<\/a><\/li>\n<li><a href=\"https:\/\/www.serraniaderonda-desarrollo.com\/serraniaronda2020\/en-desarrollo\/\" target=\"_blank\" rel=\"noopener\">Estrategia de Desarollo Local Participativo Serran\u00eda de Ronda (pulsar para acceder al PDF).\u00a0 <\/a><\/li>\n<\/ul>\n<p>Este espacio WEB act\u00faa como elemento crucial para animar a la participaci\u00f3n de los Agentes Clave, para informar a la poblaci\u00f3n acerca de los diferentes hitos de este proceso y como instrumento para asegurar la transparencia del mismo a lo largo de su redacci\u00f3n e implantaci\u00f3n.<\/p>\n<\/div><\/section>","protected":false},"excerpt":{"rendered":"","protected":false},"author":49,"featured_media":0,"parent":0,"menu_order":0,"comment_status":"closed","ping_status":"closed","template":"","meta":{"footnotes":""},"_links":{"self":[{"href":"http:\/\/www.serraniaderonda-desarrollo.com\/serraniaronda2020\/wp-json\/wp\/v2\/pages\/71"}],"collection":[{"href":"http:\/\/www.serraniaderonda-desarrollo.com\/serraniaronda2020\/wp-json\/wp\/v2\/pages"}],"about":[{"href":"http:\/\/www.serraniaderonda-desarrollo.com\/serraniaronda2020\/wp-json\/wp\/v2\/types\/page"}],"author":[{"embeddable":true,"href":"http:\/\/www.serraniaderonda-desarrollo.com\/serraniaronda2020\/wp-json\/wp\/v2\/users\/49"}],"replies":[{"embeddable":true,"href":"http:\/\/www.serraniaderonda-desarrollo.com\/serraniaronda2020\/wp-json\/wp\/v2\/comments?post=71"}],"version-history":[{"count":37,"href":"http:\/\/www.serraniaderonda-desarrollo.com\/serraniaronda2020\/wp-json\/wp\/v2\/pages\/71\/revisions"}],"predecessor-version":[{"id":1283,"href":"http:\/\/www.serraniaderonda-desarrollo.com\/serraniaronda2020\/wp-json\/wp\/v2\/pages\/71\/revisions\/1283"}],"wp:attachment":[{"href":"http:\/\/www.serraniaderonda-desarrollo.com\/serraniaronda2020\/wp-json\/wp\/v2\/media?parent=71"}],"curies":[{"name":"wp","href":"https:\/\/api.w.org\/{rel}","templated":true}]}}