{"id":1082,"date":"2017-09-14T10:15:41","date_gmt":"2017-09-14T08:15:41","guid":{"rendered":"http:\/\/www.serraniaderonda-desarrollo.com\/serraniaronda2020\/?page_id=1082"},"modified":"2017-11-06T13:06:25","modified_gmt":"2017-11-06T12:06:25","slug":"objetivos","status":"publish","type":"page","link":"http:\/\/www.serraniaderonda-desarrollo.com\/serraniaronda2020\/objetivos\/","title":{"rendered":"Objetivos"},"content":{"rendered":"<div class='avia-image-container  av-styling-    avia-align-center '  itemscope=\"itemscope\" itemtype=\"https:\/\/schema.org\/ImageObject\"  ><div class='avia-image-container-inner'><img class='avia_image ' src='http:\/\/www.serraniaderonda-desarrollo.com\/serraniaronda2020\/wp-content\/uploads\/2017\/09\/tajo-ronda-01-1500x344.jpg' alt='' title='tajo ronda-01'   itemprop=\"thumbnailUrl\"  \/><\/div><\/div>\n<section class=\"av_textblock_section \"  itemscope=\"itemscope\" itemtype=\"https:\/\/schema.org\/CreativeWork\" ><div class='avia_textblock  '   itemprop=\"text\" ><p>Tras establecer la Prioridad de Necesidades el Grupo Coordinador define los Mapas de Objetivos Tem\u00e1ticos y el Mapa de Objetivos Territorial, que ser\u00e1n la base para la elaboraci\u00f3n del Plan de Acci\u00f3n desarrollado en el hito posterior.<\/p>\n<p>Tras la validaci\u00f3n de estos objetivos, se desarrollar\u00e1 un \u201cEncuentro de certificaci\u00f3n e intercambio\u201d en el que participar\u00e1n los Agentes Clave del territorio que forman parte de los Grupos Focales Tem\u00e1ticos. En este encuentro los miembros de los diferentes Grupos Focales conocer\u00e1n el Mapa de Objetivos Territorial y los Mapas de Objetivos relativos a las respectivas \u00e1reas tem\u00e1ticas y tendr\u00e1n la oportunidad de realizar sus \u00faltimas aportaciones o comentarios en relaci\u00f3n a su contenido.<\/p>\n<p style=\"text-align: center;\"><strong>Te animamos a informarte y a participar como agente clave del territorio.<\/strong><\/p>\n<p><strong><br \/>\nPara informarte y hacer tus aportaciones en este momento del proceso, ya est\u00e1n disponibles los siguientes documentos:<\/strong><\/p>\n<ul>\n<li><a href=\"http:\/\/www.serraniaderonda-desarrollo.com\/serraniaronda2020\/wp-content\/uploads\/2017\/11\/SERRANIARONDA_EP6_OBJETIVOS_DE_LA_EDL_MA04.pdf\" target=\"_blank\" rel=\"noopener\">Objetivos De La Estrategia De Desarrollo Local<\/a><\/li>\n<\/ul>\n<\/div><\/section>","protected":false},"excerpt":{"rendered":"","protected":false},"author":49,"featured_media":0,"parent":0,"menu_order":0,"comment_status":"closed","ping_status":"closed","template":"","meta":{"footnotes":""},"_links":{"self":[{"href":"http:\/\/www.serraniaderonda-desarrollo.com\/serraniaronda2020\/wp-json\/wp\/v2\/pages\/1082"}],"collection":[{"href":"http:\/\/www.serraniaderonda-desarrollo.com\/serraniaronda2020\/wp-json\/wp\/v2\/pages"}],"about":[{"href":"http:\/\/www.serraniaderonda-desarrollo.com\/serraniaronda2020\/wp-json\/wp\/v2\/types\/page"}],"author":[{"embeddable":true,"href":"http:\/\/www.serraniaderonda-desarrollo.com\/serraniaronda2020\/wp-json\/wp\/v2\/users\/49"}],"replies":[{"embeddable":true,"href":"http:\/\/www.serraniaderonda-desarrollo.com\/serraniaronda2020\/wp-json\/wp\/v2\/comments?post=1082"}],"version-history":[{"count":5,"href":"http:\/\/www.serraniaderonda-desarrollo.com\/serraniaronda2020\/wp-json\/wp\/v2\/pages\/1082\/revisions"}],"predecessor-version":[{"id":1259,"href":"http:\/\/www.serraniaderonda-desarrollo.com\/serraniaronda2020\/wp-json\/wp\/v2\/pages\/1082\/revisions\/1259"}],"wp:attachment":[{"href":"http:\/\/www.serraniaderonda-desarrollo.com\/serraniaronda2020\/wp-json\/wp\/v2\/media?parent=1082"}],"curies":[{"name":"wp","href":"https:\/\/api.w.org\/{rel}","templated":true}]}}

<div class='avia-image-container  av-styling-    avia-align-center '  itemscope="itemscope" itemtype="https://schema.org/ImageObject"  ><div class='avia-image-container-inner'><img class='avia_image ' src='http://www.serraniaderonda-desarrollo.com/serraniaronda2020/wp-content/uploads/2017/09/tajo-ronda-01-1500x344.jpg' alt='' title='tajo ronda-01'   itemprop="thumbnailUrl"  /></div></div>
<section class="av_textblock_section "  itemscope="itemscope" itemtype="https://schema.org/CreativeWork" ><div class='avia_textblock  '   itemprop="text" ><p>Tras establecer la Prioridad de Necesidades el Grupo Coordinador define los Mapas de Objetivos Temáticos y el Mapa de Objetivos Territorial, que serán la base para la elaboración del Plan de Acción desarrollado en el hito posterior.</p>
<p>Tras la validación de estos objetivos, se desarrollará un “Encuentro de certificación e intercambio” en el que participarán los Agentes Clave del territorio que forman parte de los Grupos Focales Temáticos. En este encuentro los miembros de los diferentes Grupos Focales conocerán el Mapa de Objetivos Territorial y los Mapas de Objetivos relativos a las respectivas áreas temáticas y tendrán la oportunidad de realizar sus últimas aportaciones o comentarios en relación a su contenido.</p>
<p style="text-align: center;"><strong>Te animamos a informarte y a participar como agente clave del territorio.</strong></p>
<p><strong><br />
Para informarte y hacer tus aportaciones en este momento del proceso, ya están disponibles los siguientes documentos:</strong></p>
<ul>
<li><a href="http://www.serraniaderonda-desarrollo.com/serraniaronda2020/wp-content/uploads/2017/11/SERRANIARONDA_EP6_OBJETIVOS_DE_LA_EDL_MA04.pdf" target="_blank" rel="noopener">Objetivos De La Estrategia De Desarrollo Local</a></li>
</ul>
</div></section>
